{"id":18,"date":"2013-05-03T19:30:28","date_gmt":"2013-05-03T19:30:28","guid":{"rendered":"http:\/\/www.bellevuecollege.edu\/worldlanguages\/?page_id=18"},"modified":"2025-11-17T11:47:15","modified_gmt":"2025-11-17T19:47:15","slug":"french","status":"publish","type":"page","link":"https:\/\/www.bellevuecollege.edu\/worldlanguages\/departments\/french\/","title":{"rendered":"French"},"content":{"rendered":"\n<p><a rel=\"noreferrer noopener\" href=\"https:\/\/csprd.ctclink.us\/psp\/csprd\/EMPLOYEE\/SA\/s\/WEBLIB_HCX_CM.H_CLASS_SEARCH.FieldFormula.IScript_Main?subject=FRCH&amp;&amp;acad_group=A&amp;H&amp;acad_org=080WLANG\" target=\"_blank\">Class Schedule<\/a><\/p>\n\n\n\n<h3 class=\"wp-block-heading has-bc-orange-color has-text-color\">French at BC<\/h3>\n\n\n\n<div class=\"wp-block-media-text alignwide is-stacked-on-mobile is-style-circle-mask\"><figure class=\"wp-block-media-text__media\"><img loading=\"lazy\" decoding=\"async\" width=\"259\" height=\"194\" src=\"https:\/\/www.bellevuecollege.edu\/wp-content\/uploads\/sites\/37\/2013\/07\/France.png\" alt=\"France\" class=\"wp-image-459 size-full img-fluid \" \/><\/figure><div class=\"wp-block-media-text__content\">\n<p>The Bellevue College French Program is committed to offering a solid two-year sequence of French instruction. Speaking, listening, reading, and writing are practiced in depth. Additionally, French and Francophone culture is woven into all our classes. Online and in-class videos provide reinforcement of the rich and practical vocabulary as well as some fun.<\/p>\n<\/div><\/div>\n\n\n\n<p>Online and in-class videos provide reinforcement of the rich and practical vocabulary as well as some fun. Consistent valuable feedback allows you to better understand and learn to speak, understand, write, and read French.<\/p>\n\n\n\n<div class=\"wp-block-media-text alignwide is-stacked-on-mobile is-style-circle-mask\"><figure class=\"wp-block-media-text__media\"><img loading=\"lazy\" decoding=\"async\" width=\"284\" height=\"177\" src=\"https:\/\/www.bellevuecollege.edu\/wp-content\/uploads\/sites\/37\/2013\/07\/France_Eifel-Tower.png\" alt=\"Eifel Tower\" class=\"wp-image-460 size-full img-fluid \" \/><\/figure><div class=\"wp-block-media-text__content\">\n<p>French is recommended to fulfill a World Language requirement in our state colleges and universities, but also to enhance any other major. Fluency in French is suggested for majors in Art History, international relations, marketing, the sciences, and community service. We believe strongly that studying a foreign language and culture gives one a strong foundation for any creative endeavor in the future.<\/p>\n<\/div><\/div>\n\n\n\n<p>Bellevue College is the only two-year college in the greater Seattle area offering First and Second Year French classes starting with French 121 and 221 classes in Fall, continuing with one French 122 and 222 in Winter, and finishing the sequence with French 123 and 223 in Spring. Since we are a smaller program, we only offer day classes.<\/p>\n\n\n\n<p>We do recommend to students who need three sections start their French language classes in Fall. However, if you don\u2019t need all three classes, starting in Winter is just fine.<\/p>\n\n\n\n<h3 class=\"wp-block-heading has-bc-orange-color has-text-color\">Did You Know?<\/h3>\n\n\n\n<p>Did you know that French is spoken by 200 million people in the world? And though French is only spoken by 1% of the world\u2019s population, the language is represented in about 70 different countries. Like 12 Overseas territories: Guadeloupe, Guyane, Martinique, Mayotte, la R\u00e9union, La Nouvelle-Cal\u00e9donie, La Polyn\u00e9sie fran\u00e7aise, Saint-Barth\u00e9lemy, Saint-Martin, Saint-Pierre-et-Miquelon, Terres australes et antarctiques franchises and Wallis-et-Futuna as well as Switzerland, Belgaum, Canada and in many parts of North Africa?<\/p>\n\n\n\n<h3 class=\"wp-block-heading\">Placement Questions:<\/h3>\n\n\n\n<p>Do you know which level of language you should register for? Feel free and reach out to our full-time faculty to discuss what works best for you. Contact Engel  Szwaja-Franken: <a href=\"mailto:Je.Szwaja@bellevuecollege.edu\">Je.Szwaja@bellevuecollege.edu<\/a><\/p>\n\n\n\n<ol style=\"list-style-type:1\" class=\"wp-block-list\">\n<li>How much French have you had?<\/li>\n\n\n\n<li>How long has it been since you had a French class?<\/li>\n\n\n\n<li>Include a short paragraph about a recent vacation written in French.<\/li>\n<\/ol>\n\n\n\n<h3 class=\"wp-block-heading\">Class Descriptions<\/h3>\n\n\n\n<p>1st Year Classes<\/p>\n\n\n<h3><strong>FRCH&#038; 121:<\/strong> French I <span class='badge text-bg-secondary badge-secondary'>5 <abbr title=\"credits\">cr<\/abbr>.<\/span><\/h3><p>Introduces the fundamentals of vocabulary and grammar at the novice level\u00c2\u00a0focusing on the development of four basic skills: Listening, speaking, reading, and writing. Emphasis is placed on active communication aimed at the development of oral and comprehension skills. Various aspects of French-speaking cultures are presented. Format includes extensive audio and Internet usage. After successful completion, students are encouraged to continue with\u00c2\u00a0FRCH&#038; 122.\n\nThis class is not intended for heritage speakers\u00c2\u00a0(i.e. students who grew up speaking French at home in a place where French is not the medium of instruction in schools) or native\u00c2\u00a0speakers (i.e. students who grew up\u00c2\u00a0in a place where French is\u00c2\u00a0the medium of instruction in schools).\n\nThis class is for students with no prior experience studying or speaking French.<\/p><ul class='list-inline'><li class='list-inline-item'><a class='ms-1 ml-1 mb-1 btn btn-primary btn-sm' href='https:\/\/catalog.bellevuecollege.edu\/preview_course_nopop.php?catoid=16&#038;coid=81455'>View FRCH&#038; 121 in the Academic Catalog<\/a><\/li><li class='list-inline-item'><a class='ms-1 ml-1 mb-1 btn btn-outline-dark btn-sm' href='https:\/\/csprd.ctclink.us\/psc\/csprd\/EMPLOYEE\/SA\/s\/WEBLIB_HCX_CM.H_COURSE_CATALOG.FieldFormula.IScript_Main\/subjects\/FRCH&#038;\/?institution=WA080'>Explore FRCH&#038; courses in ctcLink<\/a><\/li><\/ul><hr>\n\n<h3><strong>FRCH&#038; 122:<\/strong> French II <span class='badge text-bg-secondary badge-secondary'>5 <abbr title=\"credits\">cr<\/abbr>.<\/span><\/h3><p>Continues\u00c2\u00a0FRCH&#038; 121\u00c2\u00a0at the novice mid level. Format includes extensive audio and Internet usage. Various aspects of French-speaking cultures are presented. Format includes extensive audio and Internet usage. After successful completion, students are encouraged to continue with\u00c2\u00a0FRCH&#038; 123.\n\nThis class is not intended for heritage speakers\u00c2\u00a0(i.e. students who grew up speaking French at home in a place where French is not the medium of instruction in schools) or native\u00c2\u00a0speakers (i.e. students who grew up\u00c2\u00a0in a place where French is\u00c2\u00a0the medium of instruction in schools).\n\nRecommended: FRCH&#038; 121 or equivalent or\u00c2\u00a0permission of instructor.<\/p><ul class='list-inline'><li class='list-inline-item'><a class='ms-1 ml-1 mb-1 btn btn-primary btn-sm' href='https:\/\/catalog.bellevuecollege.edu\/preview_course_nopop.php?catoid=16&#038;coid=81456'>View FRCH&#038; 122 in the Academic Catalog<\/a><\/li><li class='list-inline-item'><a class='ms-1 ml-1 mb-1 btn btn-outline-dark btn-sm' href='https:\/\/csprd.ctclink.us\/psc\/csprd\/EMPLOYEE\/SA\/s\/WEBLIB_HCX_CM.H_COURSE_CATALOG.FieldFormula.IScript_Main\/subjects\/FRCH&#038;\/?institution=WA080'>Explore FRCH&#038; courses in ctcLink<\/a><\/li><\/ul><hr>\n\n<h3><strong>FRCH&#038; 123:<\/strong> French III <span class='badge text-bg-secondary badge-secondary'>5 <abbr title=\"credits\">cr<\/abbr>.<\/span><\/h3><p>Continues\u00c2\u00a0FRCH&#038; 122\u00c2\u00a0at the novice high level. Format includes extensive audio and Internet usage. Various aspects of French-speaking cultures are presented. After successful completion, students are encouraged to continue with\u00c2\u00a0FRCH&#038; 221.\n\nThis class is not intended for heritage speakers\u00c2\u00a0(i.e. students who grew up speaking French at home in a place where French is not the medium of instruction in schools) or native\u00c2\u00a0speakers (i.e. students who grew up\u00c2\u00a0in a place where French is\u00c2\u00a0the medium of instruction in schools).\u00c2\u00a0\n\nRecommended: FRCH&#038; 122 or equivalent or instructor permission<\/p><ul class='list-inline'><li class='list-inline-item'><a class='ms-1 ml-1 mb-1 btn btn-primary btn-sm' href='https:\/\/catalog.bellevuecollege.edu\/preview_course_nopop.php?catoid=16&#038;coid=81457'>View FRCH&#038; 123 in the Academic Catalog<\/a><\/li><li class='list-inline-item'><a class='ms-1 ml-1 mb-1 btn btn-outline-dark btn-sm' href='https:\/\/csprd.ctclink.us\/psc\/csprd\/EMPLOYEE\/SA\/s\/WEBLIB_HCX_CM.H_COURSE_CATALOG.FieldFormula.IScript_Main\/subjects\/FRCH&#038;\/?institution=WA080'>Explore FRCH&#038; courses in ctcLink<\/a><\/li><\/ul><hr>\n\n\n<p><em>Second Year Classes Available if there is a demand.<\/em><\/p>\n","protected":false},"excerpt":{"rendered":"<p>Class Schedule French at BC The Bellevue College French Program is committed to offering a solid two-year sequence of French instruction. Speaking, listening, reading, and writing are practiced in depth. Additionally, French and Francophone culture is woven into all our classes. Online and in-class videos provide reinforcement of the rich and practical vocabulary as well <a class=\"read-more\" href=\"https:\/\/www.bellevuecollege.edu\/worldlanguages\/departments\/french\/\">...more about French<\/a><\/p>\n","protected":false},"author":1,"featured_media":0,"parent":272,"menu_order":0,"comment_status":"open","ping_status":"open","template":"","meta":{"footnotes":"","_links_to":"","_links_to_target":""},"class_list":["post-18","page","type-page","status-publish","hentry"],"_links":{"self":[{"href":"https:\/\/www.bellevuecollege.edu\/worldlanguages\/wp-json\/wp\/v2\/pages\/18","targetHints":{"allow":["GET"]}}],"collection":[{"href":"https:\/\/www.bellevuecollege.edu\/worldlanguages\/wp-json\/wp\/v2\/pages"}],"about":[{"href":"https:\/\/www.bellevuecollege.edu\/worldlanguages\/wp-json\/wp\/v2\/types\/page"}],"author":[{"embeddable":true,"href":"https:\/\/www.bellevuecollege.edu\/worldlanguages\/wp-json\/wp\/v2\/users\/1"}],"replies":[{"embeddable":true,"href":"https:\/\/www.bellevuecollege.edu\/worldlanguages\/wp-json\/wp\/v2\/comments?post=18"}],"version-history":[{"count":5,"href":"https:\/\/www.bellevuecollege.edu\/worldlanguages\/wp-json\/wp\/v2\/pages\/18\/revisions"}],"predecessor-version":[{"id":1735,"href":"https:\/\/www.bellevuecollege.edu\/worldlanguages\/wp-json\/wp\/v2\/pages\/18\/revisions\/1735"}],"up":[{"embeddable":true,"href":"https:\/\/www.bellevuecollege.edu\/worldlanguages\/wp-json\/wp\/v2\/pages\/272"}],"wp:attachment":[{"href":"https:\/\/www.bellevuecollege.edu\/worldlanguages\/wp-json\/wp\/v2\/media?parent=18"}],"curies":[{"name":"wp","href":"https:\/\/api.w.org\/{rel}","templated":true}]}}